 + -7).
-138
What is the value of (-5 - ((1 - -4) + -15)) + 35 + (-10 - -5)?
35
-54 + -96 + 217 + -72
-5
What is the value of 7 - (1 + -5 - (37 + (55 - 44)))?
59
(-3 - -1) + 15 + (4 + 11 - (58 + -75))
45
Calculate 46 + -22 + 14 - (-71 - -39).
70
What is -86 - -19 - ((37 - 32) + -1 + 6)?
-77
5 + 9 - 15 - 50
-51
What is -1 + -1 + (-37 - 0) - (-21165 + 21176)?
-50
Evaluate -5 + (31 - (33 + -19) - 18) + -51.
-57
What is the value of (11140 + -11129 - (-1 + 2 - -11)) + (-61 - 1)?
-63
What is 139 + -91 + -44 + 47?
51
Evaluate -421 - -446 - (7 - (-6 + -109)).
-97
Evaluate -7 + 8 + (246 - 349).
-102
Evaluate 107 + 1 + 0 + -6 - (1772 + -1780).
110
Evaluate 7 + (-14 - (-35 - -67)) + -1 + 1 + 2.
-37
Calculate (3 + -5 - 46 - (-275 - -266)) + -10.
-49
What is (-23 - -39 - -17) + -35 + -54?
-56
What is -161 - (-4 + (8 - -10 - 16 - 3) - 3)?
-153
What is 11 + 37 + (3 - -6) - (-1 - -11)?
47
What is the value of (-10 + 14 - 9 - 22) + 16 + -36 + -1?
-48
What is the value of -5 - (-36 + 11) - 30 - (26 + 0)?
-36
Calculate 251 + -269 + 0 + 18 + 15.
15
(-7 - -3) + (-322 - -324)
-2
Evaluate -34 + (3 - (138 - 108)).
-61
What is the value of (56 - 6) + (289 - 361)?
-22
What is -1 - -65 - (1246 + -1247 - (14 + 3))?
82
-592 + 711 - (115 + 6)
-2
What is the value of 64 + (-6 - (90 + -73))?
41
-8 + 98 + -3 + -7 + 8 + (-12 - -1)
77
What is the value of 3 - (-31 - -8 - -39 - (-7 + 16))?
-4
What is 15 + (133 - (-19 + 89))?
78
Evaluate (-39 - (39 + -22) - 20) + 8 + -1.
-69
What is the value of 3 + (44 - ((-8 - -18) + -14 + -2 + -2))?
55
Calculate -29 - (-9 + 9 + 5 - -7 - 6).
-35
What is the value of (76 + -113 - (2 + 12)) + -11?
-62
Evaluate (-135 - (51 + -112)) + 59.
-15
What is the value of ((1 - -36) + 39 - -26) + -10?
92
Evaluate -46 + -4 + (9 - (4 + 3) - -8) + -5.
-45
Calculate 1 + 2 + -927 + 868.
-56
Calculate -1 + -2 + -15 + -3 + -11 + 29 + -45.
-48
(-5 - (-81 - (10 + -3 + -11))) + 4 + -8
68
What is the value of -1 + 83 + -18 + 5 + 7 + (7 - 6)?
77
Calculate 37 - (-21 + (-56 - -13) + -2).
103
What is the value of 22 + -2 + -3 + (1 - 12) + 10 + -9?
7
14 + -70 + 127 - 58
13
Evaluate 12 - 1 - (-1265 - -1286 - (24 + 1)).
15
What is (8 - 11) + 21 - (304 - 266)?
-20
What is -43 + 34 + -17 - 31 - -18?
-39
Calculate (3 - 2 - -21) + (-74 - -19 - -66).
33
Calculate (2 - -96) + (13 - ((10 - 12) + (-3 - -5))).
111
What is (7 - (6 + 4 + (75 - 6))) + 15?
-57
What is the value of -1 + 18 + 1041 + -996?
62
Calculate -19 + 12 + 13 + 89 - (8 + 11 + -9).
85
125 - (141 + 114 + -165)
35
Evaluate (-1 + -5 - -4 - 4) + -17 + -8.
-31
What is the value of -1 + (-32 + -8 - -15)?
-26
What is the value of -17 - (-23 - 33 - 7)?
46
What is the value of (-37 - (55 + -65)) + (0 - -1)?
-26
What is the value of (-199 - -158) + (1 - -4)?
-36
Calculate -4 - (-37 + 88) - -52.
-3
What is -1 + -4 - (-135 - -129)?
1
What is -93 - (-62 + -9 + -37)?
15
What is the value of -48 - (-11 + ((-18 - -2) + 7 - -22) - 11)?
-39
(-17 - -49) + 18 + -43 - -12
19
What is 14 - 0 - (-260 + 134 + 28)?
112
28 + (-222 - -100) - -13
-81
Calculate -1 - (-11 + -7 + 11) - (52 - (15 + -8)).
-39
Evaluate (12 - 18) + 1 + (-71 - (-27 - -19)).
-68
What is the value of 24 + (-62 - (-60 + 37))?
-15
-68 + -3 + 10 - ((2 - 5) + 6 + -6)
-58
What is -16 + -16 + -3 - (-185 + 1)?
149
Calculate (14 - ((-19 - 11) + 21)) + -68 + 22.
-23
Calculate -7 - (-24 + (2 - 6) - -21) - -120.
120
-59 + (116 - 64) + 20
13
Calculate (-4 - ((-17 - (10 - 12)) + 17)) + 18.
12
103 - ((-13 + 43 - 1) + -8)
82
Calculate (3 - 9) + (1 + 58 - (1 + -32 + 19)).
65
What is -456 + 509 + -4 + 8 + -7?
50
What is the value of -17 - (1532 + -1545 - (-1 + -1 - -1))?
-5
What is 20 + (18 - (-9 + 43 + -9))?
13
What is 12 + -21 + 43 + (-1 - 9)?
24
What is the value of 41 - (-32 - -37 - -126) - 16?
-106
6 - (-28 + (84 - 32) - -30)
-48
What is -3 + -2 + (3 - (8 - -35)) + 8?
-37
Evaluate 91 + (24 + (33 - 29) - 36).
83
Calculate -21 + -2 + 1 - (-10 + (15 - 22)).
-5
8 - (7 + (6 - 3) + (-13 - 3)) - 13
1
Calculate -56 - -153 - 195 - ((0 - 2) + 1).
-97
Calculate 1 + -36 + (81 - 60).
-14
What is -78 + 52 - (-20 + -3) - (-55 + -1)?
53
Evaluate 15 + (1 - 3) + (-57 - -163 - 117).
2
-58 + (-94 - -217) - (31 + 2)
32
86 + (-65 - 133) + 152
40
What is 15 + -14 + 7 - (7 - 3 - 36)?
40
Evaluate -7 - (13 + -9 + 0) - (0 - (1 - 1)).
-11
What is the value of -47 + -47 + (327 - 294)?
-61
Evaluate 38 + (47 - 97) - (16 + 1 + 2) - 14.
-45
3 + -2 + (4 - (-14 + 21) - -43)
41
Calculate -8 + (7 - 14 - -21) + -14.
-8
(1 - 12 - (7 - 10)) + (1489 - 1419)
62
What is -20 - (1 - (-18 + 17 + -23))?
-45
Evaluate -2 - -25 - (3 - (2 - 14)).
8
Evaluate (-61 - (-49 + -62)) + 5.
55
-77 - ((-22 - (33 + -51)) + 10)
-83
(17 - (-10 - -41) - -14) + 3
3
What is the value of -27 + (49 - -19) + -20?
21
Evaluate (94 - 68 - 77) + -1 + 17.
-35
Evaluate 33 + 28 + -79 - -36.
18
What is the value of -15 + (-5 + 1 - -14 - (11 + 7 - 10))?
-13
What is the value of (-12 - -6) + 5 + -86 - (14 - (29 + -12))?
-84
What is -46924 - -46921 - ((-1 - -3) + (0 - 0) + -67)?
62
Evaluate 20 + (-9 - 10) - ((60 - 16) + (0 - 1)).
-42
-26 - 1 - (-102 + (88 - 76))
63
What is 78 - ((-138 - -75) + 84)?
57
Calculate -13 - (-12 + (-5 - (2 + -6 + -4))).
-4
What is 31 - (5 + (24 - 93) + 25)?
70
-1 + -11 + 3 - (40 - 44) - 6 - -58
47
What is the value of 11 - -81 - 70 - -52?
74
Evaluate -20 - 1 - ((-32 - -19) + 39).
-47
Evaluate (533 - 594) + 0 + (-11 - 0).
-72
Calculate 1624 + -1626 + -8 + 2 + -2.
-10
Calculate -102 - (-24 + -41 + 27 - -26).
-90
What is the value of -44 - (-68 - (-15 - 27))?
-18
What is -7 + 6 + (0 - 1) + 17 + -78 + 72?
9
(33 + -12 + -1 - (0 + 10)) + -73 + 4
-59
50 + 78 + -94 + -7
27
Calculate (-3 + 3 - 5 - (-109 - -91)) + -114 + 8.
-93
Calculate 22 + 68 + (3 - (-1 + (-10 - (-4 - 1)))).
99
What is (-11 - -27) + (12 - 4) + (17 - 5)?
36
Calculate 123 + -92 - (-14 + 49) - (39 - (2 + -3)).
-44
73 + -21 + 26 - 37
41
Calculate -6 + -10 - -19 - (-44 + 39 + (0 - 33)).
41
Calculate (-1 - -22) + -1122 + 1122.
21
Calculate 5 - 29 - (-3 - 2 - 1 - -16) - 8.
-42
Calculate (-3 + 12 - 14) + 13 + -43 + 24.
-11
What is the value of 0 + 4 + (-19 - 19) + (1 + 19 - 7)?
-21
Evaluate (-60 - (-22 - (24 - 33))) + 9 + 1.
-37
What is 34 - (-147 + 86) - (-6 + -3)?
104
-74 - (28 - -2 - (-107 - -51 - -66))
-94
What is 18 - (1 - 5) - (466 - 434)?
-10
Evaluate -16 - ((-84 - (4 - 1)) + 63 + -59).
67
Calculate (-8 - -14) + 8 + (-8 - 8).
-2
What is 0 - 2 - (-10520 - -10558)?
-40
Calculate (0 - -21 - 0 - (-13711 + 13815)) + -3.
-86
Evaluate (-1 - (-1 - 1) - 47) + (-104 - (-84 - 10)).
-56
What is -10 + (21 - 2) + (21 - 15) + (2 - 51)?
-34
Calculate (73 - -12) + (17 - -6) + -28.
80
What is the value of (6 - -2 - (6 - -16)) + (23 - -15)?
24
-1 + (21 - (18 - (23 - -12)))
37
What is the value of (8 - (-10 - -20)) + 0 + (-21 - 42) + 2?
-63
What is the value of (18 - (2 + -1 + -22)) + -2?
37
-20 + (-2 - -20 - (-511 - -475))
34
Calculate 161 + -157 - (1 - -48) - -149.
104
Calculate -121 + 133 + -145 + 72.
-61
What is the value of 7 + 12 + -5 - ((18 + -9 - 1) + -22)?
28
6 + 7 - (9 + -27 + 1)
30
What is 1 + (-37 - -13) + 13 - (-7 - -25)?
-28
Calculate (18 - 70 - 63) + 130.
15
Calculate -24 - (-32 + 51 + -29).
-14
What is 12 + (-31 - -7 - -143 - 25)?
106
Evaluate -35 + 2 + 6 + -3 + -22 + 10 + 19.
-23
What is -6 - (-3 - -4) - (48 - (-77 + 144))?
12
What is the value of 645 + -660 - (-1 + -65) - 6?
45
What is (2 - -23) + (-17 - -6) + 12?
26
(-12 - (-19 + 4)) + (-1 - -93) - (7 - 0)
88
What is the value of 1 + -8 + (190 - (387 - 199))?
-5
What is the value of 50 + -1 + 0 + (5368 - 5362) - 7?
48
What is the value of (-11 - -1) + (8 - 1) + -7 + (0 - 1)?
-11
What is the value of 67 - (78 + 43 + -83)?
29
Evaluate 63 - 0 - (-28 - 2 - (25 + -37 - 30)).
51
Calculate -15 + -1 + 2 + -10 + 10 + -7.
-21
Evaluate 5 + (3 - (-8 - (3 - 6))) + -3 + -55.
-45
Evaluate (6 + 4 + -22 + -5 - (34 + -38)) + 95.
82
What is 73 + -34 + -95 - -91?
35
Calculate 8 + -5 + (4 - 8) + -12 - 8.
-21
Evaluate -18 + (-24 - (-15 - 34)) + 3 + 25.
35
Calculate -34 + -1 + ((-13 - -2) + 13 - 12).
-45
(19 - 33) + (-7 + 6 - (-94 - -1)) + 5
83
(24 + 3 - (0 + 1)) + -116 + 78 + 53
41
What is the value of (8209 - 8224) + (59 - 0)?
44
What is the value of -28 + (5 - 0 - -10) + (47 - 0)?
34
Calculate -2782 - -2839 - (-2 - -74).
-15
What is 2 - (2 + 0